ctor of 22 and 8261?
11
What is the greatest common factor of 217616 and 609?
203
What is the highest common divisor of 59277 and 6?
3
What is the greatest common divisor of 1270703 and 2338?
1169
What is the highest common divisor of 774720 and 20?
20
What is the greatest common divisor of 81911 and 1010?
101
Calculate the highest common divisor of 176 and 81216.
16
What is the highest common factor of 312 and 3237?
39
What is the highest common divisor of 69223 and 31?
31
What is the greatest common factor of 44791 and 329?
47
What is the highest common factor of 410 and 31090?
10
What is the greatest common factor of 139192 and 254?
254
Calculate the greatest common divisor of 306 and 1152.
18
What is the greatest common factor of 340352 and 640?
128
Calculate the greatest common divisor of 871 and 17152.
67
What is the highest common divisor of 9757 and 1507?
11
What is the highest common divisor of 11 and 379621?
11
What is the greatest common divisor of 468 and 11097?
9
Calculate the greatest common factor of 456 and 5871.
57
Calculate the greatest common factor of 132748 and 2716.
28
What is the highest common factor of 376465 and 425?
85
Calculate the greatest common factor of 10188 and 25187.
283
What is the highest common factor of 58378 and 867?
289
What is the greatest common factor of 17670 and 36580?
310
What is the highest common divisor of 1566 and 3422?
58
What is the highest common factor of 61425 and 49595?
455
Calculate the greatest common factor of 382 and 2674.
382
Calculate the highest common divisor of 177411 and 156.
39
What is the highest common divisor of 135 and 32055?
15
What is the highest common factor of 779 and 1121?
19
What is the greatest common factor of 28971 and 121249?
1073
Calculate the greatest common divisor of 14 and 1185674.
14
Calculate the greatest common factor of 4858 and 694.
694
Calculate the highest common factor of 19195 and 4675.
55
What is the greatest common divisor of 581920 and 920?
40
What is the greatest common factor of 152 and 17993?
19
Calculate the highest common factor of 96 and 19.
1
What is the greatest common divisor of 3879 and 7327?
431
What is the greatest common factor of 558 and 99510?
186
Calculate the greatest common divisor of 262 and 9694.
262
Calculate the greatest common factor of 166 and 125413.
83
What is the greatest common factor of 1903 and 90717?
11
Calculate the greatest common divisor of 198 and 438.
6
What is the greatest common divisor of 10808 and 23380?
28
What is the greatest common factor of 198 and 66?
66
Calculate the greatest common divisor of 175 and 40481.
7
Calculate the greatest common factor of 1394 and 87210.
34
What is the greatest common factor of 14 and 58590?
14
Calculate the highest common factor of 20493 and 162.
81
What is the highest common divisor of 228 and 466296?
12
Calculate the greatest common divisor of 15598 and 176.
22
What is the highest common divisor of 24930 and 1530?
90
Calculate the greatest common factor of 68 and 4058.
2
What is the highest common divisor of 23772 and 4164?
12
Calculate the greatest common factor of 18872 and 5.
1
Calculate the greatest common factor of 247 and 55271.
19
What is the greatest common factor of 81015 and 495?
165
What is the highest common factor of 35450 and 100?
50
Calculate the highest common divisor of 5339 and 57.
19
Calculate the greatest common factor of 239626 and 46.
2
What is the greatest common divisor of 17284 and 841?
29
Calculate the highest common divisor of 542536 and 1679.
73
What is the highest common factor of 110 and 1011070?
10
Calculate the greatest common divisor of 79590 and 1974.
42
Calculate the greatest common factor of 2 and 353230.
2
Calculate the highest common factor of 1113629 and 33.
11
What is the highest common divisor of 5758614 and 459?
459
Calculate the greatest common factor of 224 and 85624.
56
What is the greatest common divisor of 531 and 7767?
9
What is the greatest common divisor of 641 and 122431?
641
Calculate the greatest common divisor of 8303 and 1564.
23
What is the highest common factor of 21898300 and 2300?
2300
Calculate the greatest common factor of 3130 and 20.
10
What is the greatest common divisor of 2422 and 28?
14
Calculate the highest common factor of 16011 and 225.
9
Calculate the highest common factor of 282905 and 12467.
959
What is the greatest common divisor of 277 and 541?
1
Calculate the highest common divisor of 66 and 10932.
6
What is the highest common divisor of 1020 and 79305?
255
What is the highest common factor of 108252 and 360?
36
What is the greatest common divisor of 807984 and 12?
12
What is the greatest common divisor of 28 and 511?
7
Calculate the greatest common factor of 65 and 30199.
13
Calculate the greatest common factor of 6756 and 204.
12
Calculate the greatest common divisor of 790 and 62805.
395
What is the greatest common divisor of 826 and 211869?
413
What is the highest common divisor of 80 and 2472880?
80
What is the highest common divisor of 1352 and 112554?
338
What is the greatest common divisor of 1027 and 949?
13
What is the highest common divisor of 248 and 5177?
31
What is the highest common divisor of 127 and 35?
1
What is the highest common divisor of 80 and 881170?
10
Calculate the highest common factor of 1673199 and 66.
33
Calculate the greatest common divisor of 33624 and 124.
4
Calculate the highest common divisor of 979868 and 76.
76
What is the highest common divisor of 354770 and 1040?
130
What is the greatest common factor of 324 and 161676?
324
Calculate the highest common factor of 41134 and 1099.
157
Calculate the highest common divisor of 22 and 207856.
22
What is the greatest common factor of 76 and 55556?
76
Calculate the highest common factor of 1404 and 15236.
52
What is the highest common divisor of 2981 and 26287?
271
Calculate the greatest common factor of 36751 and 39.
13
What is the highest common factor of 6604 and 3048?
508
What is the highest common factor of 121668 and 2292?
12
Calculate the highest common factor of 4297788 and 198.
198
Calculate the highest common divisor of 32 and 214048.
32
Calculate the greatest common divisor of 7784 and 1736.
56
What is the highest common divisor of 16 and 1028?
4
Calculate the greatest common divisor of 10 and 335454.
2
Calculate the greatest common divisor of 89433 and 2092.
523
What is the greatest common factor of 4160 and 42848?
416
What is the greatest common divisor of 270 and 1875?
15
What is the greatest common divisor of 70 and 73020?
10
What is the highest common divisor of 264800 and 5627?
331
What is the highest common divisor of 1924 and 12?
4
Calculate the highest common factor of 44282 and 42.
14
What is the greatest common factor of 17045 and 1890?
35
Calculate the greatest common factor of 1610 and 32830.
70
What is the greatest common factor of 357446 and 626?
626
What is the greatest common factor of 860 and 9316?
4
What is the greatest common divisor of 11377 and 8074?
367
Calculate the highest common divisor of 2872752 and 1234.
1234
What is the highest common divisor of 1828 and 20?
4
What is the greatest common factor of 307855 and 88341?
2677
What is the greatest common divisor of 8809 and 4577?
23
What is the highest common divisor of 88298 and 106624?
1666
What is the highest common divisor of 256 and 331648?
128
What is the highest common divisor of 235315 and 15?
5
Calculate the highest common factor of 111210 and 30.
30
Calculate the greatest common factor of 20895 and 35.
35
What is the highest common divisor of 3079483 and 1562?
781
Calculate the greatest common divisor of 44 and 23617.
11
What is the greatest common divisor of 952 and 8092?
476
What is the highest common divisor of 2051 and 241725?
293
What is the highest common factor of 515232 and 288?
288
What is the greatest common factor of 3723750 and 180?
90
Calculate the greatest common divisor of 368 and 3880.
8
Calculate the greatest common divisor of 4536560 and 560.
560
What is the highest common factor of 254904 and 39?
39
Calculate the highest common factor of 1992 and 10707.
249
Calculate the greatest common factor of 406 and 37352.
406
Calculate the greatest common factor of 519 and 111.
3
What is the greatest common di